r when 214596 is divided by 5094.
648
Calculate the remainder when 1809555 is divided by 258415.
650
What is the remainder when 6764958 is divided by 415?
43
What is the remainder when 1006664799 is divided by 286?
283
Calculate the remainder when 372212 is divided by 339.
329
What is the remainder when 13601935 is divided by 938?
935
Calculate the remainder when 6589323 is divided by 1837.
4
Calculate the remainder when 916196 is divided by 221.
151
What is the remainder when 8540923 is divided by 1220131?
6
Calculate the remainder when 226101 is divided by 1575.
876
What is the remainder when 5269251 is divided by 248?
243
What is the remainder when 5168608 is divided by 2430?
2428
Calculate the remainder when 2394347 is divided by 10689.
11
Calculate the remainder when 1250772 is divided by 28.
12
What is the remainder when 1676998 is divided by 6844?
218
Calculate the remainder when 1181293 is divided by 113.
104
What is the remainder when 1966507 is divided by 75631?
101
What is the remainder when 8943 is divided by 5?
3
Calculate the remainder when 1239615 is divided by 28.
27
Calculate the remainder when 345743 is divided by 3895.
2983
Calculate the remainder when 86988 is divided by 86978.
10
What is the remainder when 20555270 is divided by 256?
6
Calculate the remainder when 5556173 is divided by 345.
293
Calculate the remainder when 385571 is divided by 2167.
2012
Calculate the remainder when 736747 is divided by 202.
53
Calculate the remainder when 150319 is divided by 150132.
187
Calculate the remainder when 287658 is divided by 1893.
1815
Calculate the remainder when 17198620 is divided by 22278.
4
Calculate the remainder when 9384640 is divided by 100.
40
What is the remainder when 1979282 is divided by 219915?
47
Calculate the remainder when 12227206 is divided by 84.
82
What is the remainder when 149268273 is divided by 526?
519
What is the remainder when 2851 is divided by 1303?
245
Calculate the remainder when 209383 is divided by 104550.
283
Calculate the remainder when 9346643 is divided by 752.
35
What is the remainder when 62022746 is divided by 75?
71
What is the remainder when 5348987 is divided by 785?
782
What is the remainder when 535732 is divided by 48?
4
Calculate the remainder when 1495878 is divided by 747646.
586
Calculate the remainder when 131049769 is divided by 1651.
1644
Calculate the remainder when 10234351 is divided by 10234334.
17
What is the remainder when 10350 is divided by 645?
30
Calculate the remainder when 171892 is divided by 108.
64
Calculate the remainder when 75712454 is divided by 45.
44
Calculate the remainder when 173173 is divided by 7429.
2306
What is the remainder when 2325114 is divided by 6317?
458
Calculate the remainder when 44911982 is divided by 208.
206
What is the remainder when 1837595 is divided by 29?
10
What is the remainder when 8987475 is divided by 141?
135
Calculate the remainder when 531638 is divided by 176403.
2429
Calculate the remainder when 21372 is divided by 1330.
92
Calculate the remainder when 395925 is divided by 54.
51
Calculate the remainder when 2928677 is divided by 2569.
17
What is the remainder when 7287898 is divided by 122?
106
What is the remainder when 251152 is divided by 242788?
8364
Calculate the remainder when 512924 is divided by 308.
104
Calculate the remainder when 1315741 is divided by 128.
29
What is the remainder when 738465 is divided by 1314?
1311
What is the remainder when 19831920 is divided by 6610635?
15
What is the remainder when 254364 is divided by 673?
643
Calculate the remainder when 1198760 is divided by 181.
178
Calculate the remainder when 11952820 is divided by 93381.
52
Calculate the remainder when 18836299 is divided by 9547.
68
What is the remainder when 153865 is divided by 585?
10
What is the remainder when 74942 is divided by 18465?
1082
What is the remainder when 3216373 is divided by 680?
653
Calculate the remainder when 22434954 is divided by 10.
4
Calculate the remainder when 8584 is divided by 2779.
247
Calculate the remainder when 979850 is divided by 97985.
0
Calculate the remainder when 391355726 is divided by 344.
342
Calculate the remainder when 29298487 is divided by 1723440.
7
What is the remainder when 29812 is divided by 3075?
2137
What is the remainder when 19226 is divided by 3216?
3146
Calculate the remainder when 103500488 is divided by 3170.
3158
Calculate the remainder when 160319 is divided by 145.
94
Calculate the remainder when 2894118 is divided by 2894091.
27
Calculate the remainder when 344840 is divided by 344617.
223
What is the remainder when 10777748 is divided by 1217?
1213
What is the remainder when 1651012 is divided by 137567?
208
Calculate the remainder when 2444888 is divided by 1372.
1356
Calculate the remainder when 237536 is divided by 555.
551
Calculate the remainder when 549406 is divided by 183105.
91
Calculate the remainder when 267603747 is divided by 53520746.
17
Calculate the remainder when 146079190 is divided by 84.
82
Calculate the remainder when 772873 is divided by 3596.
3329
What is the remainder when 220788 is divided by 5383?
85
What is the remainder when 736721 is divided by 4?
1
Calculate the remainder when 926950 is divided by 126.
94
Calculate the remainder when 47969 is divided by 22688.
2593
What is the remainder when 3410240 is divided by 36669?
23
What is the remainder when 23027714 is divided by 3837951?
8
Calculate the remainder when 895184 is divided by 1089.
26
Calculate the remainder when 4326046 is divided by 31348.
22
What is the remainder when 1068048216 is divided by 1673?
1670
Calculate the remainder when 145588 is divided by 3382.
162
What is the remainder when 16266518 is divided by 14896?
86
Calculate the remainder when 99159179 is divided by 187.
185
Calculate the remainder when 36186304 is divided by 7237257.
19
Calculate the remainder when 2257582 is divided by 832.
366
Calculate the remainder when 46084 is divided by 512.
4
What is the remainder when 8022557 is divided by 1102?
1099
Calculate the remainder when 1959432 is divided by 33.
24
What is the remainder when 1986141 is divided by 944?
909
What is the remainder when 20748471 is divided by 71?
70
Calculate the remainder when 623528 is divided by 207284.
1676
What is the remainder when 278049 is divided by 9585?
84
Calculate the remainder when 3536497 is divided by 954.
19
Calculate the remainder when 165843 is divided by 82372.
1099
What is the remainder when 1027161 is divided by 215?
106
Calculate the remainder when 24556 is divided by 1438.
110
Calculate the remainder when 8550112 is divided by 869.
21
What is the remainder when 1831732 is divided by 162?
160
What is the remainder when 4465909 is divided by 79?
39
What is the remainder when 2825250 is divided by 572?
142
What is the remainder when 27768795 is divided by 1161?
1158
Calculate the remainder when 131331 is divided by 64143.
3045
What is the remainder when 81524 is divided by 40756?
12
Calculate the remainder when 10296 is divided by 1263.
192
Calculate the remainder when 303673 is divided by 4147.
942
What is the remainder when 519109 is divided by 6259?
5871
What is the remainder when 6176685 is divided by 62?
59
What is the remainder when 16231485 is divided by 410?
405
Calculate the remainder when 3950254 is divided by 1605.
349
What is the remainder when 798620 is divided by 22?
20
What is the remainder when 99658408 is divided by 21?
10
Calculate the remainder when 378391 is divided by 2845.
6
What is the remainder when 2729800 is divided by 23737?
45
What is the remainder when 18513965 is divided by 548?
333
Calculate the remainder when 13431 is divided by 5463.
2505
What is the remainder when 361743612 is divided by 32?
28
Calculate the remainder when 23912981 is divided by 306576.
53
What is the remainder when 5424054 is divided by 358?
354
What is the remainder when 113896 is divided by 478?
132
What is the remainder when 56024036 is divided by 1279?
1278
Calculate the remainder when 82320558 is divided by 20580139.
2
Calculate the remainder when 1122728 is divided by 248.
32
What is the remainder when 154999 is divided by 62?
61
Calculate the remainder when 280466 is divided by 2862.
2852
What is the rem